{"id":24,"date":"2016-07-18T00:39:07","date_gmt":"2016-07-18T00:39:07","guid":{"rendered":"http:\/\/sw-themes.com\/porto_dummy\/?page_id=24"},"modified":"2026-01-13T15:34:45","modified_gmt":"2026-01-13T15:34:45","slug":"a-propos-korus-gcdc","status":"publish","type":"page","link":"https:\/\/korus.ca\/english\/a-propos-korus-gcdc\/","title":{"rendered":"ABOUT US"},"content":{"rendered":"<div class=\"wpb-content-wrapper\"><div data-vc-full-width=\"true\" data-vc-full-width-temp=\"true\" data-vc-full-width-init=\"false\" class=\"vc_row wpb_row top-row vc_custom_1720219165762 section section-default section-text-light mt-0 mb-0 pt-0 pb-0 section-no-borders vc_row-has-fill vc_row-o-full-height vc_row-o-columns-middle vc_row-flex porto-inner-container wpb_custom_034b39d9bc6c6b310d69e39f0ccf274f\"><div class=\"porto-wrap-container container\"><div class=\"row\"><div class=\"vc_column_container col-md-12\"><div class=\"wpb_wrapper vc_column-inner\"><div class=\"vc_row wpb_row vc_inner row\"><div class=\"vc_column_container col-md-7\"><div class=\"wpb_wrapper vc_column-inner\">\r\n\t<div class=\"wpb_text_column wpb_content_element wpb_custom_7c91d232724f73626cc933bd95b25ff0\" >\r\n\t\t<div class=\"wpb_wrapper\">\r\n\t\t\t<h1><span style=\"vertical-align: inherit;\"><em class=\"tbt1\">KORUS - GESTION COLLABORATIVE DE COPROPRI\u00c9T\u00c9S<\/em><br \/>\nABOUT OUR<br \/>\nCOMPANY<br \/>\n<\/span><\/h1>\n\r\n\t\t<\/div>\r\n\t<\/div>\r\n<\/div><\/div><div class=\"vc_column_container col-md-5\"><div class=\"wpb_wrapper vc_column-inner\"><\/div><\/div><\/div><\/div><\/div><\/div><\/div><\/div><div class=\"vc_row-full-width vc_clearfix\"><\/div><div id=\"2\" data-vc-full-width=\"true\" data-vc-full-width-temp=\"true\" data-vc-full-width-init=\"false\" class=\"vc_row wpb_row top-row vc_custom_1718317858875 vc_row-has-fill vc_row-o-full-height vc_row-o-columns-middle vc_row-flex porto-inner-container wpb_custom_034b39d9bc6c6b310d69e39f0ccf274f\"><div class=\"porto-wrap-container container\"><div class=\"row\"><div class=\"vc_column_container col-md-12\"><div class=\"wpb_wrapper vc_column-inner\"><div class=\"vc_empty_space\"   style=\"height: 32px\"><span class=\"vc_empty_space_inner\"><\/span><\/div><div class=\"vc_empty_space\"   style=\"height: 32px\"><span class=\"vc_empty_space_inner\"><\/span><\/div>\r\n\t<div class=\"wpb_text_column wpb_content_element wpb_custom_7c91d232724f73626cc933bd95b25ff0\" >\r\n\t\t<div class=\"wpb_wrapper\">\r\n\t\t\t<h2><span style=\"color: #cc9932;\"><em>THE COMPANY<\/em><\/span><br \/>\nABOUT KORUS<\/h2>\n\r\n\t\t<\/div>\r\n\t<\/div>\r\n<div class=\"vc_row wpb_row vc_inner row vc_row-o-equal-height vc_row-o-content-middle vc_row-flex\"><div class=\"vc_column_container col-md-6\"><div class=\"wpb_wrapper vc_column-inner\">\r\n\t<div class=\"wpb_text_column wpb_content_element wpb_custom_7c91d232724f73626cc933bd95b25ff0\" >\r\n\t\t<div class=\"wpb_wrapper\">\r\n\t\t\t<p>Korus Gestion collaborative de copropri\u00e9t\u00e9s is a group of independent condominium managers providing value-added services designed to :<\/p>\n<ul>\n<li>Maintain the sustainability of real estate assets.<\/li>\n<li>Meet the legal requirements of the syndicate<\/li>\n<li>Collaborate to maintain the living environment according to its own rules.<\/li>\n<\/ul>\n<p>Our collaborative approach invites clients, managers and employees to become stakeholders in an efficient management.<\/p>\n\r\n\t\t<\/div>\r\n\t<\/div>\r\n<\/div><\/div><div class=\"vc_column_container col-md-6\"><div class=\"wpb_wrapper vc_column-inner\">\r\n\t<div class=\"wpb_text_column wpb_content_element wpb_custom_7c91d232724f73626cc933bd95b25ff0\" >\r\n\t\t<div class=\"wpb_wrapper\">\r\n\t\t\t<p>With us, you can count on a network of specialized and dedicated partners to provide comprehensive expertise in the management of your condos property..<\/p>\n<p><strong>Our Mission<\/strong><br \/>\nTo offer a condos property management service that is tailored to the specific needs of each co-owners syndicate, while encouraging their commitment.<\/p>\n<p><strong>Our Vision <\/strong><br \/>\nTo encourage the commitment of managers, partners and clients for better performance.<\/p>\n<p><strong>Core Values <\/strong><br \/>\nRespect, Integrity, Accessibility and Collaboration<\/p>\n\r\n\t\t<\/div>\r\n\t<\/div>\r\n<\/div><\/div><\/div><div class=\"vc_empty_space\"   style=\"height: 32px\"><span class=\"vc_empty_space_inner\"><\/span><\/div><\/div><\/div><\/div><\/div><\/div><div class=\"vc_row-full-width vc_clearfix\"><\/div><div data-vc-full-width=\"true\" data-vc-full-width-temp=\"true\" data-vc-full-width-init=\"false\" class=\"vc_row wpb_row top-row vc_custom_1718317865723 section section-default section-text-light mt-0 mb-0 vc_row-has-fill vc_row-o-full-height vc_row-o-columns-middle vc_row-flex porto-inner-container wpb_custom_034b39d9bc6c6b310d69e39f0ccf274f\"><div class=\"porto-wrap-container container\"><div class=\"row\"><div class=\"vc_column_container col-md-1\"><div class=\"wpb_wrapper vc_column-inner\"><\/div><\/div><div class=\"vc_column_container col-md-10\"><div class=\"wpb_wrapper vc_column-inner\"><div class=\"vc_row wpb_row vc_inner row\"><div class=\"vc_column_container col-md-12\"><div class=\"wpb_wrapper vc_column-inner\">\r\n\t<div class=\"wpb_text_column wpb_content_element wpb_custom_7c91d232724f73626cc933bd95b25ff0\" >\r\n\t\t<div class=\"wpb_wrapper\">\r\n\t\t\t<h2 style=\"text-align: center;\"><em>OUR TEAM<\/em><br \/>\nWHO ARE WE ?<\/h2>\n<p style=\"text-align: center;\">Korus Gestion collaborative de copropri\u00e9t\u00e9s was founded by Nathalie Monast and Louisette Trahan, two experienced managers with careers in engineering.<\/p>\n\r\n\t\t<\/div>\r\n\t<\/div>\r\n<\/div><\/div><\/div><div class=\"vc_row wpb_row vc_inner row vc_row-o-equal-height vc_row-o-content-middle vc_row-flex\"><div class=\"vc_column_container col-md-6 vc_custom_1718021879684\"><div class=\"wpb_wrapper vc_column-inner\">\r\n\t<div class=\"wpb_text_column wpb_content_element vc_custom_1718021953813 bc wpb_custom_7c91d232724f73626cc933bd95b25ff0\" >\r\n\t\t<div class=\"wpb_wrapper\">\r\n\t\t\t<h4>Nathalie Monast<\/h4>\n<p>Co-founder and McGill University graduate in co-ownnership property Management, she has a wide range of experience in engineering, project management and real estate.<\/p>\n<p>She is known for her agility in responding to various requests and emergencies.<\/p>\n\r\n\t\t<\/div>\r\n\t<\/div>\r\n<\/div><\/div><div class=\"vc_column_container col-md-6 vc_custom_1718021887978\"><div class=\"wpb_wrapper vc_column-inner\">\r\n\t<div class=\"wpb_text_column wpb_content_element vc_custom_1718021945460 bc wpb_custom_7c91d232724f73626cc933bd95b25ff0\" >\r\n\t\t<div class=\"wpb_wrapper\">\r\n\t\t\t<h4>Louisette Trahan<\/h4>\n<p>Co-founder and holder of a master\u2019s degree in engineering, she also serves as co-owner and president of a condominium owners\u2019 association.<\/p>\n<p>With extensive experience in project management, she adeptly brings her projects to fruition while prioritizing customer satisfaction.<\/p>\n\r\n\t\t<\/div>\r\n\t<\/div>\r\n<\/div><\/div><\/div><div class=\"vc_row wpb_row vc_inner row vc_row-o-equal-height vc_row-o-content-middle vc_row-flex\"><div class=\"vc_column_container col-md-6 vc_custom_1718021879684\"><div class=\"wpb_wrapper vc_column-inner\">\r\n\t<div class=\"wpb_text_column wpb_content_element vc_custom_1767994057568 bc wpb_custom_7c91d232724f73626cc933bd95b25ff0\" >\r\n\t\t<div class=\"wpb_wrapper\">\r\n\t\t\t<h4>\u00c9milien Spriet<\/h4>\n<p class=\"p1\">\u00c9milien brings dual expertise in real estate and construction. With experience as a leasing agent and carpenter, he combines technical skills and property management know-how to deliver a professional service.<\/p>\n<p class=\"p1\">His versatility and client focus are key strengths in condo property management.<\/p>\n\r\n\t\t<\/div>\r\n\t<\/div>\r\n<\/div><\/div><div class=\"vc_column_container col-md-6 vc_custom_1718021887978\"><div class=\"wpb_wrapper vc_column-inner\">\r\n\t<div class=\"wpb_text_column wpb_content_element vc_custom_1718047182913 bc wpb_custom_7c91d232724f73626cc933bd95b25ff0\" >\r\n\t\t<div class=\"wpb_wrapper\">\r\n\t\t\t<h4>Nathalie Laurenzi<\/h4>\n<p>Holding a Master's degree in Business Administration from the Universit\u00e9 de Sherbrooke, she has extensive management experience and manages a personal real estate portfolio.<\/p>\n<p>Known for her integrity, she is committed to a positive customer experience in her interactions.<\/p>\n\r\n\t\t<\/div>\r\n\t<\/div>\r\n<\/div><\/div><\/div><div class=\"vc_row wpb_row vc_inner row vc_row-o-equal-height vc_row-o-content-middle vc_row-flex\"><div class=\"vc_column_container col-md-6 vc_custom_1718021879684\"><div class=\"wpb_wrapper vc_column-inner\">\r\n\t<div class=\"wpb_text_column wpb_content_element vc_custom_1725395993267 bc wpb_custom_7c91d232724f73626cc933bd95b25ff0\" >\r\n\t\t<div class=\"wpb_wrapper\">\r\n\t\t\t<h4>Jos\u00e9e Thivierge<\/h4>\n<p>With more than 35 years of experience in accounting, she has been overseeing the financial and tax matters of co-owners properties for many years.<\/p>\n<p>Her meticulous attention to detail, reliability, and integrity set her apart.<\/p>\n\r\n\t\t<\/div>\r\n\t<\/div>\r\n<\/div><\/div><div class=\"vc_column_container col-md-6 vc_custom_1718021887978\"><div class=\"wpb_wrapper vc_column-inner\">\r\n\t<div class=\"wpb_text_column wpb_content_element vc_custom_1768318481913 bc wpb_custom_7c91d232724f73626cc933bd95b25ff0\" >\r\n\t\t<div class=\"wpb_wrapper\">\r\n\t\t\t<h4>Catherine Goulet<\/h4>\n<p>Experienced Condominium Manager, solution-oriented, with over 10 years of expertise in team management, operations, and administration. Organized and versatile, Catherine excels in problem-solving and decision-making under pressure.<\/p>\n<p>She is also recognized for her rigor, autonomy, and professionalism.<\/p>\n\r\n\t\t<\/div>\r\n\t<\/div>\r\n<\/div><\/div><\/div><div class=\"vc_empty_space\"   style=\"height: 32px\"><span class=\"vc_empty_space_inner\"><\/span><\/div><div class=\"vc_empty_space\"   style=\"height: 32px\"><span class=\"vc_empty_space_inner\"><\/span><\/div><\/div><\/div><div class=\"vc_column_container col-md-1\"><div class=\"wpb_wrapper vc_column-inner\"><\/div><\/div><\/div><\/div><\/div><div class=\"vc_row-full-width vc_clearfix\"><\/div><div data-vc-full-width=\"true\" data-vc-full-width-temp=\"true\" data-vc-full-width-init=\"false\" class=\"vc_row wpb_row top-row vc_custom_1718022107660 vc_row-has-fill porto-inner-container wpb_custom_034b39d9bc6c6b310d69e39f0ccf274f\"><div class=\"porto-wrap-container container\"><div class=\"row\"><div class=\"vc_column_container col-md-12\"><div class=\"wpb_wrapper vc_column-inner\"><div class=\"vc_empty_space\"   style=\"height: 32px\"><span class=\"vc_empty_space_inner\"><\/span><\/div><div class=\"vc_empty_space\"   style=\"height: 32px\"><span class=\"vc_empty_space_inner\"><\/span><\/div><div class=\"vc_empty_space\"   style=\"height: 32px\"><span class=\"vc_empty_space_inner\"><\/span><\/div>\r\n\t<div class=\"wpb_text_column wpb_content_element wpb_custom_7c91d232724f73626cc933bd95b25ff0\" >\r\n\t\t<div class=\"wpb_wrapper\">\r\n\t\t\t<h2><span style=\"color: #cc9932;\"><em>BE PART OF OUR TEAM<\/em><\/span><br \/>\nKORUS GESTION COLLABORATIVE DE COPROPRI\u00c9T\u00c9S IS CONSTANTLY LOOKING FOR NEW TALENTS.<\/h2>\n<p>If you are currently in a management position or are semi-retired and interested in property management, it\u2019s important to recognize that <strong>many skills<\/strong> are transferable.<\/p>\n<p><strong>Experience as a co-owner property administrator or in property management<\/strong> is undoubtedly an asset. You can apply your management, decision-making, communication, and organizational skills to this dynamic field.<\/p>\n<p>We are convinced that this work is an interesting challenge for semi-retired managers. Korus gestion collaborative de copropri\u00e9t\u00e9s is flexible enough to accommodate part-time schedules. The majority of hours can be worked from home.<\/p>\n<p>Interested in discussing opportunities to collaborate with us ?<\/p>\n\r\n\t\t<\/div>\r\n\t<\/div>\r\n<div class=\"vc_empty_space\"   style=\"height: 32px\"><span class=\"vc_empty_space_inner\"><\/span><\/div><div class=\"vc_btn3-container  sg-popup-id-3613 vc_btn3-center vc_do_btn\" >\r\n\t<a class=\"vc_btn3 vc_btn3-shape-default wpb_custom_6687b26f39488ddbb85ddb3c1ce8e111 btn btn-xl btn-secondary\" href=\"https:\/\/korus.ca\/english\/a-propos\/\" title=\"\">SEND YOUR APPLICATION<\/a>\t<\/div>\r\n<div class=\"vc_empty_space\"   style=\"height: 32px\"><span class=\"vc_empty_space_inner\"><\/span><\/div><\/div><\/div><\/div><\/div><\/div><div class=\"vc_row-full-width vc_clearfix\"><\/div><div data-vc-full-width=\"true\" data-vc-full-width-temp=\"true\" data-vc-full-width-init=\"false\" class=\"vc_row wpb_row top-row vc_custom_1718801958005 vc_row-has-fill porto-inner-container wpb_custom_034b39d9bc6c6b310d69e39f0ccf274f\"><div class=\"porto-wrap-container container\"><div class=\"row\"><div class=\"vc_column_container col-md-12\"><div class=\"wpb_wrapper vc_column-inner\"><div class=\"vc_empty_space\"   style=\"height: 32px\"><span class=\"vc_empty_space_inner\"><\/span><\/div><div class=\"vc_empty_space\"   style=\"height: 32px\"><span class=\"vc_empty_space_inner\"><\/span><\/div><div class=\"vc_empty_space\"   style=\"height: 32px\"><span class=\"vc_empty_space_inner\"><\/span><\/div><div class=\"vc_empty_space\"   style=\"height: 32px\"><span class=\"vc_empty_space_inner\"><\/span><\/div><div class=\"vc_row wpb_row vc_inner row vc_row-o-equal-height vc_row-o-content-middle vc_row-flex\"><div class=\"vc_column_container col-md-5\"><div class=\"wpb_wrapper vc_column-inner\">\r\n\t<div class=\"wpb_text_column wpb_content_element wpb_custom_7c91d232724f73626cc933bd95b25ff0\" >\r\n\t\t<div class=\"wpb_wrapper\">\r\n\t\t\t<h2><span style=\"color: #cc9932;\"><em>REQUESTING FOR A QUOTE<\/em><\/span><br \/>\nCURIOUS TO LEARN MORE ABOUT OUR PROPOSITION?<\/h2>\n\r\n\t\t<\/div>\r\n\t<\/div>\r\n<\/div><\/div><div class=\"vc_column_container col-md-3\"><div class=\"wpb_wrapper vc_column-inner\"><\/div><\/div><div class=\"vc_column_container col-md-4\"><div class=\"wpb_wrapper vc_column-inner\"><div class=\"vc_btn3-container vc_btn3-right vc_do_btn\" >\r\n\t<a class=\"vc_btn3 vc_btn3-shape-default wpb_custom_6687b26f39488ddbb85ddb3c1ce8e111 btn btn-xl btn-secondary\" href=\"https:\/\/korus.ca\/english\/contact\/#form\" title=\"\">ASK FOR A QUOTE<\/a>\t<\/div>\r\n<\/div><\/div><\/div><div class=\"vc_empty_space\"   style=\"height: 32px\"><span class=\"vc_empty_space_inner\"><\/span><\/div><div class=\"vc_empty_space\"   style=\"height: 32px\"><span class=\"vc_empty_space_inner\"><\/span><\/div><div class=\"vc_empty_space\"   style=\"height: 32px\"><span class=\"vc_empty_space_inner\"><\/span><\/div><div class=\"vc_empty_space\"   style=\"height: 32px\"><span class=\"vc_empty_space_inner\"><\/span><\/div><\/div><\/div><\/div><\/div><\/div><div class=\"vc_row-full-width vc_clearfix\"><\/div>\n<\/div>","protected":false},"excerpt":{"rendered":"Korus - Gestion collaborative de copropri\u00e9t\u00e9s \u00c0 propos de l\u2019entreprise L\u2019entreprise \u00c0 propos de Korus Korus Gestion collaborative de copropri\u00e9t\u00e9s est un regroupement de gestionnaires autonomes en gestion de copropri\u00e9t\u00e9 offrant un service \u00e0 valeur ajout\u00e9e ax\u00e9 qui visent \u00e0 : Maintenir la p\u00e9rennit\u00e9 du patrimoine immobilier; Rencontrer les exigences l\u00e9gales aff\u00e9rentes du syndicat; Collaborer [...]","protected":false},"author":1,"featured_media":0,"parent":0,"menu_order":0,"comment_status":"closed","ping_status":"closed","template":"","meta":{"_uf_show_specific_survey":0,"_uf_disable_surveys":false,"footnotes":""},"class_list":["post-24","page","type-page","status-publish","hentry"],"yoast_head":"<!-- This site is optimized with the Yoast SEO plugin v27.5 - https:\/\/yoast.com\/product\/yoast-seo-wordpress\/ -->\n<title>\u00c0 propos Korus GCDC<\/title>\n<meta name=\"description\" content=\"Korus Gestion collaborative de copropri\u00e9t\u00e9s est un regroupement de gestionnaires de copropri\u00e9t\u00e9 offrant un service \u00e0 valeur ajout\u00e9e.\" \/>\n<meta name=\"robots\" content=\"index, follow, max-snippet:-1, max-image-preview:large, max-video-preview:-1\" \/>\n<link rel=\"canonical\" href=\"https:\/\/korus.ca\/english\/a-propos-korus-gcdc\/\" \/>\n<meta property=\"og:locale\" content=\"en_US\" \/>\n<meta property=\"og:type\" content=\"article\" \/>\n<meta property=\"og:title\" content=\"\u00c0 propos Korus GCDC\" \/>\n<meta property=\"og:description\" content=\"Korus Gestion collaborative de copropri\u00e9t\u00e9s est un regroupement de gestionnaires de copropri\u00e9t\u00e9 offrant un service \u00e0 valeur ajout\u00e9e.\" \/>\n<meta property=\"og:url\" content=\"https:\/\/korus.ca\/english\/a-propos-korus-gcdc\/\" \/>\n<meta property=\"og:site_name\" content=\"Korus GCDC\" \/>\n<meta property=\"article:modified_time\" content=\"2026-01-13T15:34:45+00:00\" \/>\n<meta property=\"og:image\" content=\"https:\/\/korus.ca\/wp-content\/uploads\/2024\/12\/korus-logo.png\" \/>\n\t<meta property=\"og:image:width\" content=\"101\" \/>\n\t<meta property=\"og:image:height\" content=\"82\" \/>\n\t<meta property=\"og:image:type\" content=\"image\/png\" \/>\n<meta name=\"twitter:card\" content=\"summary_large_image\" \/>\n<meta name=\"twitter:label1\" content=\"Est. reading time\" \/>\n\t<meta name=\"twitter:data1\" content=\"4 minutes\" \/>\n<script type=\"application\/ld+json\" class=\"yoast-schema-graph\">{\"@context\":\"https:\\\/\\\/schema.org\",\"@graph\":[{\"@type\":\"WebPage\",\"@id\":\"https:\\\/\\\/korus.ca\\\/a-propos-korus-gcdc\\\/\",\"url\":\"https:\\\/\\\/korus.ca\\\/a-propos-korus-gcdc\\\/\",\"name\":\"\u00c0 propos Korus GCDC\",\"isPartOf\":{\"@id\":\"\\\/#website\"},\"datePublished\":\"2016-07-18T00:39:07+00:00\",\"dateModified\":\"2026-01-13T15:34:45+00:00\",\"description\":\"Korus Gestion collaborative de copropri\u00e9t\u00e9s est un regroupement de gestionnaires de copropri\u00e9t\u00e9 offrant un service \u00e0 valeur ajout\u00e9e.\",\"breadcrumb\":{\"@id\":\"https:\\\/\\\/korus.ca\\\/a-propos-korus-gcdc\\\/#breadcrumb\"},\"inLanguage\":\"en-US\",\"potentialAction\":[{\"@type\":\"ReadAction\",\"target\":[\"https:\\\/\\\/korus.ca\\\/a-propos-korus-gcdc\\\/\"]}]},{\"@type\":\"BreadcrumbList\",\"@id\":\"https:\\\/\\\/korus.ca\\\/a-propos-korus-gcdc\\\/#breadcrumb\",\"itemListElement\":[{\"@type\":\"ListItem\",\"position\":1,\"name\":\"Accueil\",\"item\":\"https:\\\/\\\/korus.ca\\\/\"},{\"@type\":\"ListItem\",\"position\":2,\"name\":\"\u00c0 propos\"}]},{\"@type\":\"WebSite\",\"@id\":\"\\\/#website\",\"url\":\"\\\/\",\"name\":\"Korus GCDC\",\"description\":\"Korus Gestion Collaborative de Copropri\u00e9t\u00e9s\",\"publisher\":{\"@id\":\"\\\/#organization\"},\"potentialAction\":[{\"@type\":\"SearchAction\",\"target\":{\"@type\":\"EntryPoint\",\"urlTemplate\":\"\\\/?s={search_term_string}\"},\"query-input\":{\"@type\":\"PropertyValueSpecification\",\"valueRequired\":true,\"valueName\":\"search_term_string\"}}],\"inLanguage\":\"en-US\"},{\"@type\":\"Organization\",\"@id\":\"\\\/#organization\",\"name\":\"Korus GCDC\",\"url\":\"\\\/\",\"logo\":{\"@type\":\"ImageObject\",\"inLanguage\":\"en-US\",\"@id\":\"\\\/#\\\/schema\\\/logo\\\/image\\\/\",\"url\":\"https:\\\/\\\/korus.ca\\\/wp-content\\\/uploads\\\/2024\\\/12\\\/korus-logo.png\",\"contentUrl\":\"https:\\\/\\\/korus.ca\\\/wp-content\\\/uploads\\\/2024\\\/12\\\/korus-logo.png\",\"width\":101,\"height\":82,\"caption\":\"Korus GCDC\"},\"image\":{\"@id\":\"\\\/#\\\/schema\\\/logo\\\/image\\\/\"}}]}<\/script>\n<!-- \/ Yoast SEO plugin. -->","yoast_head_json":{"title":"\u00c0 propos Korus GCDC","description":"Korus Gestion collaborative de copropri\u00e9t\u00e9s est un regroupement de gestionnaires de copropri\u00e9t\u00e9 offrant un service \u00e0 valeur ajout\u00e9e.","robots":{"index":"index","follow":"follow","max-snippet":"max-snippet:-1","max-image-preview":"max-image-preview:large","max-video-preview":"max-video-preview:-1"},"canonical":"https:\/\/korus.ca\/english\/a-propos-korus-gcdc\/","og_locale":"en_US","og_type":"article","og_title":"\u00c0 propos Korus GCDC","og_description":"Korus Gestion collaborative de copropri\u00e9t\u00e9s est un regroupement de gestionnaires de copropri\u00e9t\u00e9 offrant un service \u00e0 valeur ajout\u00e9e.","og_url":"https:\/\/korus.ca\/english\/a-propos-korus-gcdc\/","og_site_name":"Korus GCDC","article_modified_time":"2026-01-13T15:34:45+00:00","og_image":[{"width":101,"height":82,"url":"https:\/\/korus.ca\/wp-content\/uploads\/2024\/12\/korus-logo.png","type":"image\/png"}],"twitter_card":"summary_large_image","twitter_misc":{"Est. reading time":"4 minutes"},"schema":{"@context":"https:\/\/schema.org","@graph":[{"@type":"WebPage","@id":"https:\/\/korus.ca\/a-propos-korus-gcdc\/","url":"https:\/\/korus.ca\/a-propos-korus-gcdc\/","name":"\u00c0 propos Korus GCDC","isPartOf":{"@id":"\/#website"},"datePublished":"2016-07-18T00:39:07+00:00","dateModified":"2026-01-13T15:34:45+00:00","description":"Korus Gestion collaborative de copropri\u00e9t\u00e9s est un regroupement de gestionnaires de copropri\u00e9t\u00e9 offrant un service \u00e0 valeur ajout\u00e9e.","breadcrumb":{"@id":"https:\/\/korus.ca\/a-propos-korus-gcdc\/#breadcrumb"},"inLanguage":"en-US","potentialAction":[{"@type":"ReadAction","target":["https:\/\/korus.ca\/a-propos-korus-gcdc\/"]}]},{"@type":"BreadcrumbList","@id":"https:\/\/korus.ca\/a-propos-korus-gcdc\/#breadcrumb","itemListElement":[{"@type":"ListItem","position":1,"name":"Accueil","item":"https:\/\/korus.ca\/"},{"@type":"ListItem","position":2,"name":"\u00c0 propos"}]},{"@type":"WebSite","@id":"\/#website","url":"\/","name":"Korus GCDC","description":"Korus Gestion Collaborative de Copropri\u00e9t\u00e9s","publisher":{"@id":"\/#organization"},"potentialAction":[{"@type":"SearchAction","target":{"@type":"EntryPoint","urlTemplate":"\/?s={search_term_string}"},"query-input":{"@type":"PropertyValueSpecification","valueRequired":true,"valueName":"search_term_string"}}],"inLanguage":"en-US"},{"@type":"Organization","@id":"\/#organization","name":"Korus GCDC","url":"\/","logo":{"@type":"ImageObject","inLanguage":"en-US","@id":"\/#\/schema\/logo\/image\/","url":"https:\/\/korus.ca\/wp-content\/uploads\/2024\/12\/korus-logo.png","contentUrl":"https:\/\/korus.ca\/wp-content\/uploads\/2024\/12\/korus-logo.png","width":101,"height":82,"caption":"Korus GCDC"},"image":{"@id":"\/#\/schema\/logo\/image\/"}}]}},"_links":{"self":[{"href":"https:\/\/korus.ca\/english\/wp-json\/wp\/v2\/pages\/24","targetHints":{"allow":["GET"]}}],"collection":[{"href":"https:\/\/korus.ca\/english\/wp-json\/wp\/v2\/pages"}],"about":[{"href":"https:\/\/korus.ca\/english\/wp-json\/wp\/v2\/types\/page"}],"author":[{"embeddable":true,"href":"https:\/\/korus.ca\/english\/wp-json\/wp\/v2\/users\/1"}],"replies":[{"embeddable":true,"href":"https:\/\/korus.ca\/english\/wp-json\/wp\/v2\/comments?post=24"}],"version-history":[{"count":10,"href":"https:\/\/korus.ca\/english\/wp-json\/wp\/v2\/pages\/24\/revisions"}],"predecessor-version":[{"id":3824,"href":"https:\/\/korus.ca\/english\/wp-json\/wp\/v2\/pages\/24\/revisions\/3824"}],"wp:attachment":[{"href":"https:\/\/korus.ca\/english\/wp-json\/wp\/v2\/media?parent=24"}],"curies":[{"name":"wp","href":"https:\/\/api.w.org\/{rel}","templated":true}]}}